{"id":465,"date":"2010-06-25T09:50:54","date_gmt":"2010-06-25T02:50:54","guid":{"rendered":"http:\/\/4u.ezc.vn\/?page_id=465"},"modified":"2010-06-30T00:43:23","modified_gmt":"2010-06-29T17:43:23","slug":"d%e1%bb%93-n%e1%bb%99i-th%e1%ba%a5t","status":"publish","type":"page","link":"http:\/\/4u.ezc.vn\/?page_id=465","title":{"rendered":"\u0110\u1ed3 n\u1ed9i th\u1ea5t"},"content":{"rendered":"<p style=\"text-align: justify;\">T\u00f9y theo t\u00fai ti\u1ec1n v\u00e0 s\u1edf th\u00edch c\u1ee7a ch\u1ee7 nh\u00e0, \u0111\u1ed3 n\u1ed9i th\u1ea5t chi\u1ebfm ph\u1ea7n nhi\u1ec1u hay \u00edt trong gi\u00e1 tr\u1ecb x\u00e2y d\u1ef1ng ng\u00f4i nh\u00e0 (v\u1eabn chi\u1ebfm t\u1ef7 l\u1ec7 l\u1edbn trong nhi\u1ec1u ng\u00f4i nh\u00e0 \u0111\u00e3 x\u00e2y). Ngo\u1ea1i tr\u1eeb c\u00e1c \u0111\u1ed3 n\u1ed9i th\u1ea5t thi\u1ebft y\u1ebfu ph\u1ea3i mua s\u1eafm ngay nh\u01b0 thi\u1ebft b\u1ecb b\u1ebfp, khu v\u1ec7 sinh, c\u00e1c th\u1ee9 c\u00f2n l\u1ea1i \u0111\u1ec1u c\u00f3 th\u1ec3 s\u1eafm d\u1ea7n d\u1ea7n t\u00f9y theo nhu c\u1ea7u v\u00e0 kh\u1ea3 n\u0103ng kinh t\u1ebf c\u1ee7a ch\u1ee7 nh\u00e0. C\u1ea7n tr\u00e1nh d\u1ed3n ti\u1ec1n mua s\u1eafm n\u1ed9i th\u1ea5t \u0111\u1eaft ti\u1ec1n t\u1eeb l\u00fac ban \u0111\u1ea7u, n\u00ean c\u00e2n nh\u1eafc k\u1ef9 l\u01b0\u1ee1ng v\u00e0 mua s\u1eafm t\u1eeb t\u1eeb. Nguy\u00ean t\u1eafc c\u1ee7a \u0111\u1ed3 n\u1ed9i th\u1ea5t trong nh\u00e0 l\u00e0 ch\u00fang ph\u1ea3i h\u00e0i h\u00f2a, \u0111\u1ed3ng b\u1ed9 v\u1edbi nhau n\u00ean ch\u1ee7 nh\u00e0 c\u1ea7n x\u00e1c \u0111\u1ecbnh &#8216;gu&#8217; mua s\u1eafm r\u00f5 r\u00e0ng t\u1eeb \u0111\u1ea7u \u0111\u1ec3 vi\u1ec7c s\u1eafm s\u1eeda n\u1ebfu c\u00f3 k\u00e9o d\u00e0i c\u0169ng v\u1eabn \u0111\u1ea3m b\u1ea3o \u0111\u1ed3 \u0111\u1ea1c th\u00e0nh &#8216;b\u1ed9&#8217; v\u1edbi nhau. C\u00e1c y\u1ebfu t\u1ed1 n\u00ean c\u00e2n nh\u1eafc:<\/p>\n<ul>\n<li>\n<div style=\"text-align: justify;\">\u0110\u1ed3 n\u1ed9i th\u1ea5t n\u00ean ch\u1ecdn lo\u1ea1i c\u00f3 c\u00f4ng d\u1ee5ng t\u1ed1t, h\u00ecnh th\u1ee9c gi\u1ea3n d\u1ecb. \u0110\u1ed3 c\u00f3 trang tr\u00ed c\u1ea7u k\u1ef3 th\u01b0\u1eddng \u0111\u1eaft ti\u1ec1n m\u00e0 l\u1ea1i b\u00e1m b\u1ee5i, m\u1ea5t nhi\u1ec1u c\u00f4ng lau ch\u00f9i khi s\u1eed d\u1ee5ng.<\/div>\n<\/li>\n<li>\n<div style=\"text-align: justify;\">B\u00e0n gh\u1ebf c\u00f3 th\u1ec3 ch\u1ecdn c\u00e1c lo\u1ea1i s\u1ea3n ph\u1ea9m c\u00f4ng nghi\u1ec7p l\u00e0m b\u1eb1ng v\u1eadt li\u1ec7u m\u1edbi nh\u01b0 nh\u1ef1a, ch\u1ea5t d\u1ebbo, kim lo\u1ea1i. C\u00f3 th\u1ec3 tham kh\u1ea3o c\u00e1c s\u1ea3n ph\u1ea9m c\u1ee7a <a href=\"http:\/\/www.xuanhoa.com\/home\/index.php?cPath=1&amp;language=vn\" target=\"_blank\">Xu\u00e2n H\u00f2a <\/a>ho\u1eb7c <a href=\"http:\/\/www.noithat-hoaphat.vn\/\">H\u00f2a Ph\u00e1t<\/a>.<\/div>\n<\/li>\n<li>\n<div style=\"text-align: justify;\">T\u1ee7 trong ph\u00f2ng ng\u1ee7 n\u00ean s\u1eed d\u1ee5ng lo\u1ea1i \u00e2m t\u01b0\u1eddng, ch\u1ec9 l\u1eafp th\u00eam v\u00e1n ng\u0103n v\u00e0 c\u00e1nh b\u1eb1ng g\u1ed7 (c\u00f3 th\u1ec3 l\u00e0 g\u1ed7 c\u00f4ng nghi\u1ec7p).<\/div>\n<\/li>\n<li>\n<div style=\"text-align: justify;\">Thi\u1ebft b\u1ecb b\u1ebfp &amp; v\u1ec7 sinh c\u00f3 th\u1ec3 c\u00e2n nh\u1eafc d\u00f9ng c\u00e1c s\u1ea3n ph\u1ea9m composit thay th\u1ebf cho s\u1ea3n ph\u1ea9m g\u1ed1m s\u1ee9 \u1edf m\u1ed9t s\u1ed1 b\u1ed9 ph\u1eadn nh\u01b0 b\u1ed3n t\u1eafm, ho\u1eb7c kim lo\u1ea1i kh\u00f4ng r\u1ec9 cho b\u1ed3n r\u1eeda. H\u1ea1n ch\u1ebf c\u00e1c s\u1ea3n ph\u1ea9m \u0111\u1ea5t s\u00e9t nung \u0111\u1ec3 g\u00f3p ph\u1ea7n gi\u1ea3m kh\u00ed nh\u00e0 k\u00ednh g\u00e2y h\u1ea1i m\u00f4i tr\u01b0\u1eddng.<\/div>\n<\/li>\n<li>\n<div style=\"text-align: justify;\">Gi\u01b0\u1eddng ng\u1ee7 c\u00f3 th\u1ec3 s\u1eed d\u1ee5ng c\u00e1c s\u1ea3n ph\u1ea9m g\u1ed7 c\u00f4ng nghi\u1ec7p kh\u00e1 \u0111\u1eb9p l\u1ea1i ti\u1ebft ki\u1ec7m t\u00e0i nguy\u00ean g\u1ed7 thi\u00ean nhi\u00ean.<\/div>\n<\/li>\n<\/ul>\n<p style=\"text-align: justify;\">M\u1ed9t s\u1ed1 m\u1eabu b\u1ed1 tr\u00ed n\u1ed9i th\u1ea5t trong nh\u00e0:<\/p>\n<ul>\n<li>\n<div style=\"text-align: justify;\"><a href=\"http:\/\/4u.ezc.vn\/?page_id=494 \" target=\"_blank\">Ph\u00f2ng ng\u1ee7<\/a><\/div>\n<\/li>\n<li>\n<div style=\"text-align: justify;\"><a href=\"http:\/\/4u.ezc.vn\/?page_id=503\" target=\"_blank\">Ph\u00f2ng kh\u00e1ch<\/a><\/div>\n<\/li>\n<li>\n<div style=\"text-align: justify;\"><a href=\"http:\/\/4u.ezc.vn\/?page_id=508 \" target=\"_blank\">C\u1ea7u thang, ph\u00f2ng v\u1ec7 sinh<\/a><\/div>\n<\/li>\n<li>\n<div style=\"text-align: justify;\"><a href=\"http:\/\/4u.ezc.vn\/?page_id=511\" target=\"_blank\">B\u1ebfp + \u0102n<\/a><\/div>\n<\/li>\n<\/ul>\n<!-- AddThis Advanced Settings generic via filter on the_content --><!-- AddThis Share Buttons generic via filter on the_content -->","protected":false},"excerpt":{"rendered":"<p>T\u00f9y theo t\u00fai ti\u1ec1n v\u00e0 s\u1edf th\u00edch c\u1ee7a ch\u1ee7 nh\u00e0, \u0111\u1ed3 n\u1ed9i th\u1ea5t chi\u1ebfm ph\u1ea7n nhi\u1ec1u hay \u00edt trong gi\u00e1 tr\u1ecb x\u00e2y d\u1ef1ng ng\u00f4i nh\u00e0 (v\u1eabn chi\u1ebfm t\u1ef7 l\u1ec7 l\u1edbn trong nhi\u1ec1u ng\u00f4i nh\u00e0 \u0111\u00e3 x\u00e2y). Ngo\u1ea1i tr\u1eeb c\u00e1c \u0111\u1ed3 &hellip;<\/p>\n<p class=\"read-more\"> <a class=\"more-link\" href=\"http:\/\/4u.ezc.vn\/?page_id=465\"> <span class=\"screen-reader-text\">\u0110\u1ed3 n\u1ed9i th\u1ea5t<\/span> Read More &raquo;<\/a><\/p>\n<p><!-- AddThis Advanced Settings generic via filter on get_the_excerpt --><!-- AddThis Share Buttons generic via filter on get_the_excerpt --><\/p>\n","protected":false},"author":3,"featured_media":536,"parent":190,"menu_order":7,"comment_status":"open","ping_status":"open","template":"","meta":{"jetpack_post_was_ever_published":false,"footnotes":""},"jetpack_shortlink":"https:\/\/wp.me\/PYUs3-7v","jetpack_sharing_enabled":true,"_links":{"self":[{"href":"http:\/\/4u.ezc.vn\/index.php?rest_route=\/wp\/v2\/pages\/465"}],"collection":[{"href":"http:\/\/4u.ezc.vn\/index.php?rest_route=\/wp\/v2\/pages"}],"about":[{"href":"http:\/\/4u.ezc.vn\/index.php?rest_route=\/wp\/v2\/types\/page"}],"author":[{"embeddable":true,"href":"http:\/\/4u.ezc.vn\/index.php?rest_route=\/wp\/v2\/users\/3"}],"replies":[{"embeddable":true,"href":"http:\/\/4u.ezc.vn\/index.php?rest_route=%2Fwp%2Fv2%2Fcomments&post=465"}],"version-history":[{"count":9,"href":"http:\/\/4u.ezc.vn\/index.php?rest_route=\/wp\/v2\/pages\/465\/revisions"}],"predecessor-version":[{"id":544,"href":"http:\/\/4u.ezc.vn\/index.php?rest_route=\/wp\/v2\/pages\/465\/revisions\/544"}],"up":[{"embeddable":true,"href":"http:\/\/4u.ezc.vn\/index.php?rest_route=\/wp\/v2\/pages\/190"}],"wp:featuredmedia":[{"embeddable":true,"href":"http:\/\/4u.ezc.vn\/index.php?rest_route=\/wp\/v2\/media\/536"}],"wp:attachment":[{"href":"http:\/\/4u.ezc.vn\/index.php?rest_route=%2Fwp%2Fv2%2Fmedia&parent=465"}],"curies":[{"name":"wp","href":"https:\/\/api.w.org\/{rel}","templated":true}]}}