{"id":224,"date":"2010-06-16T01:30:51","date_gmt":"2010-06-15T18:30:51","guid":{"rendered":"http:\/\/4u.ezc.vn\/?page_id=224"},"modified":"2010-06-30T00:54:16","modified_gmt":"2010-06-29T17:54:16","slug":"nha-%e1%bb%9f-mi%e1%bb%81n-nui-trung-du-trung-b%e1%bb%99","status":"publish","type":"page","link":"http:\/\/4u.ezc.vn\/?page_id=224","title":{"rendered":"Nh\u00e0 \u1edf mi\u1ec1n n\u00fai &#8211; trung du Trung b\u1ed9"},"content":{"rendered":"<p style=\"text-align: justify;\">Mi\u1ec1n n\u00fai trung du Trung b\u1ed9 l\u00e0 m\u1ed9t d\u1ea3i \u0111\u1ea5t h\u1eb9p ch\u1ea1y theo d\u1ea3i n\u00fai Tr\u01b0\u1eddng S\u01a1n. Ng\u01b0\u1eddi d\u00e2n c\u00f2n r\u1ea5t ngh\u00e8o n\u00ean t\u00ecnh h\u00ecnh nh\u00e0 \u1edf c\u00f2n r\u1ea5t k\u00e9m. Ngo\u00e0i c\u00e1c l\u01b0u \u00fd cho nh\u00e0 x\u00e2y d\u1ef1ng \u1edf mi\u1ec1n n\u00fai trung du nh\u01b0 \u0111\u00e3 n\u00eau cho<a href=\"http:\/\/4u.ezc.vn\/?page_id=222\" target=\"_blank\"> ph\u00eda B\u1eafc<\/a>, nh\u00e0 \u1edf v\u00f9ng n\u00e0y c\u1ea7n l\u01b0u \u00fd ch\u1ed1ng n\u00f3ng v\u1ec1 m\u00f9a h\u00e8, ch\u1ed1ng gi\u00f3 L\u00e0o thay v\u00ec ch\u1ed1ng r\u00e9t. Mu\u1ed1n ch\u1ed1ng \u0111\u01b0\u1ee3c gi\u00f3 L\u00e0o, nh\u00e0 c\u1ea7n x\u00e2y k\u00edn, tr\u00e1nh m\u1edf c\u1eeda v\u1ec1 ph\u00eda T\u00e2y Nam, t\u01b0\u1eddng nh\u00e0 x\u00e2y d\u00e0y \u0111\u1ec3 c\u00e1ch nhi\u1ec7t, gi\u1eef \u0111\u1ed9 \u1ea9m c\u1ea7n thi\u1ebft \u0111\u1ec3 h\u1ea1n ch\u1ebf \u1ea3nh h\u01b0\u1edfng c\u1ee7a gi\u00f3 L\u00e0o.<\/p>\n<p style=\"text-align: justify;\"><a href=\"http:\/\/4u.ezc.vn\/?page_id=392\">M\u1eabu nh\u00e0<\/a><\/p>\n<p style=\"text-align: justify;\">Quay\u00a0v\u1ec1 <a href=\"http:\/\/4u.ezc.vn\/?page_id=190\">trang ch\u00ednh<\/a><\/p>\n<!-- AddThis Advanced Settings generic via filter on the_content --><!-- AddThis Share Buttons generic via filter on the_content -->","protected":false},"excerpt":{"rendered":"<p>Mi\u1ec1n n\u00fai trung du Trung b\u1ed9 l\u00e0 m\u1ed9t d\u1ea3i \u0111\u1ea5t h\u1eb9p ch\u1ea1y theo d\u1ea3i n\u00fai Tr\u01b0\u1eddng S\u01a1n. Ng\u01b0\u1eddi d\u00e2n c\u00f2n r\u1ea5t ngh\u00e8o n\u00ean t\u00ecnh h\u00ecnh nh\u00e0 \u1edf c\u00f2n r\u1ea5t k\u00e9m. Ngo\u00e0i c\u00e1c l\u01b0u \u00fd cho nh\u00e0 x\u00e2y d\u1ef1ng \u1edf mi\u1ec1n &hellip;<\/p>\n<p class=\"read-more\"> <a class=\"more-link\" href=\"http:\/\/4u.ezc.vn\/?page_id=224\"> <span class=\"screen-reader-text\">Nh\u00e0 \u1edf mi\u1ec1n n\u00fai &#8211; trung du Trung b\u1ed9<\/span> Read More &raquo;<\/a><\/p>\n<p><!-- AddThis Advanced Settings generic via filter on get_the_excerpt --><!-- AddThis Share Buttons generic via filter on get_the_excerpt --><\/p>\n","protected":false},"author":1,"featured_media":536,"parent":190,"menu_order":12,"comment_status":"open","ping_status":"open","template":"","meta":{"jetpack_post_was_ever_published":false,"footnotes":""},"jetpack_shortlink":"https:\/\/wp.me\/PYUs3-3C","jetpack_sharing_enabled":true,"_links":{"self":[{"href":"http:\/\/4u.ezc.vn\/index.php?rest_route=\/wp\/v2\/pages\/224"}],"collection":[{"href":"http:\/\/4u.ezc.vn\/index.php?rest_route=\/wp\/v2\/pages"}],"about":[{"href":"http:\/\/4u.ezc.vn\/index.php?rest_route=\/wp\/v2\/types\/page"}],"author":[{"embeddable":true,"href":"http:\/\/4u.ezc.vn\/index.php?rest_route=\/wp\/v2\/users\/1"}],"replies":[{"embeddable":true,"href":"http:\/\/4u.ezc.vn\/index.php?rest_route=%2Fwp%2Fv2%2Fcomments&post=224"}],"version-history":[{"count":11,"href":"http:\/\/4u.ezc.vn\/index.php?rest_route=\/wp\/v2\/pages\/224\/revisions"}],"predecessor-version":[{"id":556,"href":"http:\/\/4u.ezc.vn\/index.php?rest_route=\/wp\/v2\/pages\/224\/revisions\/556"}],"up":[{"embeddable":true,"href":"http:\/\/4u.ezc.vn\/index.php?rest_route=\/wp\/v2\/pages\/190"}],"wp:featuredmedia":[{"embeddable":true,"href":"http:\/\/4u.ezc.vn\/index.php?rest_route=\/wp\/v2\/media\/536"}],"wp:attachment":[{"href":"http:\/\/4u.ezc.vn\/index.php?rest_route=%2Fwp%2Fv2%2Fmedia&parent=224"}],"curies":[{"name":"wp","href":"https:\/\/api.w.org\/{rel}","templated":true}]}}