{"id":199,"date":"2010-06-16T01:19:25","date_gmt":"2010-06-15T18:19:25","guid":{"rendered":"http:\/\/4u.ezc.vn\/?page_id=199"},"modified":"2010-06-30T00:37:20","modified_gmt":"2010-06-29T17:37:20","slug":"g%e1%ba%a1ch-xay-va-g%e1%ba%a1ch-lat","status":"publish","type":"page","link":"http:\/\/4u.ezc.vn\/?page_id=199","title":{"rendered":"G\u1ea1ch x\u00e2y v\u00e0 g\u1ea1ch l\u00e1t"},"content":{"rendered":"<p style=\"text-align: justify;\">G\u1ea1ch l\u00e0 v\u1eadt li\u1ec7u chi\u1ebfm t\u1ef7 tr\u1ecdng r\u1ea5t l\u1edbn trong vi\u1ec7c x\u00e2y nh\u00e0. L\u1ef1a ch\u1ecdn g\u1ea1ch x\u00e2y, g\u1ea1ch l\u00e1t c\u00f3 \u1ea3nh h\u01b0\u1edfng kh\u00e1 l\u1edbn \u0111\u1ebfn gi\u00e1 th\u00e0nh v\u00e0 ch\u1ea5t l\u01b0\u1ee3ng ng\u00f4i nh\u00e0 v\u00e0 c\u1ea3 \u1ea3nh h\u01b0\u1edfng \u0111\u1ebfn m\u00f4i tr\u01b0\u1eddng n\u1eefa. G\u1ea1ch c\u01a1 b\u1ea3n c\u00f3 th\u1ec3 chia ra hai lo\u1ea1i:<\/p>\n<ul style=\"text-align: justify;\">\n<li>G\u1ea1ch nung: l\u00e0m t\u1eeb \u0111\u1ea5t s\u00e9t v\u00e0 nung qua l\u00f2 th\u1ee7 c\u00f4ng ho\u1eb7c c\u00f4ng nghi\u1ec7p. Lo\u1ea1i n\u00e0y r\u1ea5t ph\u1ed5 bi\u1ebfn v\u00e0 gi\u00e1 th\u00e0nh h\u1ee3p l\u00fd, tuy nhi\u00ean v\u1ec1 l\u00e2u d\u00e0i, vi\u1ec7c s\u1ea3n xu\u1ea5t g\u1ea1ch nung g\u00e2y nhi\u1ec1u \u1ea3nh h\u01b0\u1edfng x\u1ea5u \u0111\u1ebfn m\u00f4i tr\u01b0\u1eddng do vi\u1ec7c nung g\u1ea1ch l\u00e0m th\u1ea3i kh\u00ed g\u00e2y hi\u1ec7u \u1ee9ng nh\u00e0 k\u00ednh l\u00e0m thay \u0111\u1ed5i kh\u00ed h\u1eadu tr\u00e1i \u0111\u1ea5t. Ch\u00ednh ph\u1ee7 v\u00e0 c\u00e1c t\u1ed5 ch\u1ee9c hi\u1ec7n \u0111ang khuy\u1ebfn kh\u00edch h\u1ea1n ch\u1ebf s\u1eed d\u1ee5ng g\u1ea1ch nung trong x\u00e2y d\u1ef1ng.<\/li>\n<li>G\u1ea1ch kh\u00f4ng nung: bao g\u1ed3m nhi\u1ec1u lo\u1ea1i kh\u00e1c nhau, c\u00f3 th\u1ec3 k\u1ec3 \u0111\u1ebfn g\u1ea1ch pa-panh (l\u00e0m t\u1eeb v\u00f4i+x\u1ec9 than \u0111\u00f3ng khu\u00f4n th\u1ee7 c\u00f4ng), g\u1ea1ch silicat, g\u1ea1ch b\u00ea-t\u00f4ng nh\u1eb9, \u0111\u00e1 ong, \u0111\u00e1 v\u00f4i (\u0111\u1ebdo th\u00e0nh vi\u00ean). C\u00e1c lo\u1ea1i g\u1ea1ch kh\u00f4ng nung hi\u1ec7n ch\u01b0a \u0111\u01b0\u1ee3c ti\u00eau chu\u1ea9n h\u00f3a n\u00ean c\u00f2n ch\u01b0a thu\u1eadn ti\u1ec7n cho x\u00e2y d\u1ef1ng. T\u00ecm mua kh\u00f4ng ph\u1ea3i \u1edf \u0111\u00e2u c\u0169ng d\u1ec5 d\u00e0ng. Tuy v\u1eady, \u00edch l\u1ee3i l\u00e2u d\u00e0i c\u1ee7a lo\u1ea1i g\u1ea1ch kh\u00f4ng nung l\u00e0 g\u00f3p ph\u1ea7n gi\u1ea3m \u00f4 nhi\u1ec5m m\u00f4i tr\u01b0\u1eddng \u0111\u1ea5t, n\u01b0\u1edbc &amp; kh\u00f4ng kh\u00ed. T\u01b0\u01a1ng lai s\u1ebd c\u00f3 nhi\u1ec1u l\u1ef1a ch\u1ecdn v\u1ec1 ch\u1ee7ng lo\u1ea1i, gi\u00e1 th\u00e0nh c\u0169ng nh\u01b0 ngu\u1ed3n cung c\u1ea5p.<\/li>\n<\/ul>\n<p style=\"text-align: justify;\">V\u1ec1 g\u1ea1ch l\u00e1t, c\u00f3 th\u1ec3 chia th\u00e0nh g\u1ea1ch l\u00e1t nh\u00e0 v\u00e0 l\u00e1t s\u00e2n, l\u00e1t nh\u00e0 c\u0169ng c\u00f3 nhi\u1ec1u m\u1eabu m\u00e3 g\u1ea1ch kh\u00f4ng nung thay th\u1ebf cho g\u1ea1ch g\u1ed1m v\u00e0 g\u1ea1ch \u0111\u1ea5t s\u00e9t nung truy\u1ec1n th\u1ed1ng. C\u00f3 th\u1ec3 s\u1eed d\u1ee5ng g\u1ea1ch nh\u1ef1a, g\u1ea1ch composit ho\u1eb7c c\u00e1c s\u1ea3n ph\u1ea9m granito m\u00e0i. V\u1edbi s\u00e2n nh\u00e0, m\u1ed9t nguy\u00ean t\u1eafc l\u00e0 kh\u00f4ng n\u00ean l\u00e1t, l\u00e1ng xi-m\u0103ng to\u00e0n b\u1ed9 s\u00e2n. \u1ede n\u00f4ng th\u00f4n v\u1ec1 m\u00f9a h\u00e8 m\u00e1t h\u01a1n th\u00e0nh ph\u1ed1 m\u1ed9t ph\u1ea7n l\u00e0 do \u0111\u1ea5t kh\u00f4ng b\u1ecb l\u00e1t g\u1ea1ch, b\u00ea t\u00f4ng h\u00f3a n\u00ean n\u1eafng n\u00f3ng c\u00f3 th\u1ec3 &#8216;th\u1ea5m&#8217; xu\u1ed1ng \u0111\u1ea5t. Ch\u1ec9 n\u00ean l\u00e1t s\u00e2n v\u1eeba ph\u1ea3i v\u00e0 c\u00e1c l\u1ed1i \u0111i t\u1eeb 80cm &#8211; 1,2m c\u00f2n ch\u1eeba l\u1ea1i \u0111\u1ea5t thi\u00ean nhi\u00ean. G\u1ea1ch l\u00e1t s\u00e2n c\u00f3 th\u1ec3 s\u1eed d\u1ee5ng lo\u1ea1i block t\u1ef1 ch\u00e8n v\u1eabn cho ph\u00e9p n\u01b0\u1edbc m\u01b0a &amp; nhi\u1ec7t &#8216;th\u1ea5m&#8217; qua.<\/p>\n<p style=\"text-align: justify;\">M\u1ed9t s\u1ed1 c\u01a1 s\u1edf s\u1ea3n xu\u1ea5t g\u1ea1ch kh\u00f4ng nung:<\/p>\n<p style=\"text-align: justify;\"><em>Ch\u00fa \u00fd: c\u00e1c k\u1ebft qu\u1ea3 d\u01b0\u1edbi \u0111\u00e2y c\u00f3 \u0111\u01b0\u1ee3c t\u1eeb c\u00f4ng c\u1ee5 t\u00ecm ki\u1ebfm tr\u00ean m\u1ea1ng, ch\u01b0a \u0111\u01b0\u1ee3c ki\u1ec3m nghi\u1ec7m th\u1ef1c t\u1ebf, n\u1ebfu ph\u00e1t hi\u1ec7n sai s\u00f3t, \u0111\u1ec1 ngh\u1ecb th\u00f4ng tin cho ch\u00fang t\u00f4i \u0111\u1ec3 ch\u1ec9nh s\u1eeda.<\/em><\/p>\n<p style=\"text-align: justify;\"><strong>Mi\u1ec1n B\u1eafc:<\/strong><\/p>\n<p style=\"text-align: justify;\">1. C\u00d4NG TY C\u1ed4 PH\u1ea6N X\u00c2Y D\u1ef0NG S\u1ed0\u00a01 (VINACONEX 1)<br \/>\n\u0110\u1ecba ch\u1ec9: D9 &#8211; Khu\u1ea5t Duy Ti\u1ebfn &#8211; Thanh Xu\u00e2n B\u1eafc\u00a0&#8211; Thanh Xu\u00e2n\u00a0&#8211; H\u00e0 N\u1ed9i<br \/>\n\u0110i\u1ec7n tho\u1ea1i: 04.3854 3813 &#8211;\u00a004.3854 4057 &#8211; Fax: 04.3854 1679<br \/>\nS\u1ea3n ph\u1ea9m:\u00a0<br \/>\nG\u1ea1ch l\u00e1t Terrazzo c\u00f3 m\u00e0i:<br \/>\n<img loading=\"lazy\" decoding=\"async\" title=\"terazzo co mai\" src=\"http:\/\/www.vinaconex1.com.vn\/Image.ashx\/image=pjpeg\/314b6c2392c842cba468c89b4334b11c-Gach_Co_Mai.jpg\/Gach_Co_Mai.jpg\" alt=\"\" width=\"360\" height=\"324\" \/><br \/>\nG\u1ea1ch l\u00e1t Terrazzo kh\u00f4ng m\u00e0i:<br \/>\n<img loading=\"lazy\" decoding=\"async\" title=\"Gach terazzro khong mai \" src=\"http:\/\/www.vinaconex1.com.vn\/Image.ashx\/image=pjpeg\/20141fa6a3394e0393abf60813cb4d24-Gach_Khong_Mai.jpg\/Gach_Khong_Mai.jpg\" alt=\"\" width=\"360\" height=\"269\" \/><br \/>\nG\u1ea1ch l\u00e1t Terrazzo t\u1ef1 ch\u00e8n:<br \/>\n<img loading=\"lazy\" decoding=\"async\" title=\"terazzo tu chen\" src=\"http:\/\/www.vinaconex1.com.vn\/Image.ashx\/image=pjpeg\/5d648002729a4a788413040785c72e06-Gach_Tu_Chen.jpg\/Gach_Tu_Chen.jpg\" alt=\"\" width=\"360\" height=\"413\" \/><\/p>\n<p style=\"text-align: justify;\">2. C\u00f4ng Ty C\u1ed5 Ph\u1ea7n C\u00f4ng Ngh\u1ec7 Th\u01b0\u01a1ng M\u1ea1i Hu\u1ec7 Quang<\/p>\n<ul style=\"text-align: justify;\">\n<li>\u0110\u1ecba Ch\u1ec9: Ho\u00e0ng X\u00e1 &#8211; Li\u00ean M\u1ea1c &#8211; T\u1eeb Li\u00eam &#8211; H\u00e0 N\u1ed9i<\/li>\n<li>\u0110i\u1ec7n Tho\u1ea1i: (04) 3.7515. 182 &#8211; (04) 3.7515. 184 &#8211; Fax: Fax: (04) 3.7515. 015<\/li>\n<li>Email: huequangdg@yahoo.com.vn\u00a0| \u00a0Website: http:\/\/www.huequang.vn<\/li>\n<li>S\u1ea3n ph\u1ea9m: g\u1ea1ch kh\u00f4ng nung c\u00f4ng ngh\u1ec7 &#8216;\u0111\u1ea5t h\u00f3a \u0111\u00e1&#8217;<\/li>\n<\/ul>\n<p style=\"text-align: justify;\"><img loading=\"lazy\" decoding=\"async\" title=\"san pham tu gach khong nung 1\" src=\"http:\/\/huequang.vn\/img\/image\/a4.jpg\" alt=\"\" width=\"220\" height=\"150\" \/>\u00a0<img loading=\"lazy\" decoding=\"async\" title=\"sp tu gach khong nung 2\" src=\"http:\/\/huequang.vn\/img\/image\/a5.jpg\" alt=\"\" width=\"135\" height=\"150\" \/><\/p>\n<p style=\"text-align: justify;\">3.\u00a0C\u00f4ng ty c\u1ed5 ph\u1ea7n \u0110o\u00e0n Minh C\u00f4ng<\/p>\n<ul style=\"text-align: justify;\">\n<li>\u0110\u1ecba ch\u1ec9 : 105B Y\u1ebft Ki\u00eau &#8211; P.H\u1ea3i T\u00e2n &#8211; TP.H\u1ea3i D\u01b0\u01a1ng<\/li>\n<li>\u0110i\u1ec7n tho\u1ea1i: (+84) 320 3 863 666\/ 2 222 333 ;<br \/>\nFax: (+84) 3203 3 863 559<br \/>\nEmail: dmc@DmCgroup.vn<\/li>\n<li>S\u1ea3n ph\u1ea9m:<\/li>\n<\/ul>\n<div style=\"text-align: justify;\">G\u1ea1ch l\u1ed7: <img loading=\"lazy\" decoding=\"async\" title=\"gach lo dmc\" src=\"http:\/\/dmcvn.com\/resources\/dmc\/items\/1275380409_anh-dong-gach-100b.gif\" alt=\"\" width=\"128\" height=\"85\" \/>\u00a0G\u1ea1ch \u0111\u1eb7c: <img loading=\"lazy\" decoding=\"async\" title=\"gach dac dmc\" src=\"http:\/\/dmcvn.com\/resources\/dmc\/items\/1275380955_1248428141_105.100.jpg\" alt=\"\" width=\"128\" height=\"85\" \/><\/div>\n<p style=\"text-align: justify;\">4.\u00a0C\u00f4ng ty C\u1ed5 ph\u1ea7n S\u1ea3n xu\u1ea5t B\u00ea t\u00f4ng nh\u1eb9 v\u00e0 X\u00e2y d\u1ef1ng Thi\u00ean Giang<\/p>\n<ul style=\"text-align: justify;\">\n<li>T\u00e2n Nhu\u1ec7 &#8211; Th\u1ee5y Ph\u01b0\u01a1ng &#8211; T\u1eeb Li\u00eam &#8211; H\u00e0 N\u1ed9i<\/li>\n<li>Tel: (+84)-4.3.7522499;(+84)-4.3.7522499 | Fax: (+84)-4.3.7522499<\/li>\n<li>Email: contact@tgg.vn<\/li>\n<li>S\u1ea3n ph\u1ea9m: B\u00ea t\u00f4ng nh\u1eb9 k\u1ebft c\u1ea5u Thi\u00ean Giang<\/li>\n<\/ul>\n<p style=\"text-align: justify;\"><img loading=\"lazy\" decoding=\"async\" title=\"BT nhe thien giang\" src=\"http:\/\/tgg.vn\/images\/FH-Anh1tn.JPG\" alt=\"\" width=\"272\" height=\"204\" \/>\u00a0<\/p>\n<p style=\"text-align: justify;\"><em>(ghi ch\u00fa: s\u1ea3n ph\u1ea9m hi\u1ec7n ph\u1ee5c v\u1ee5 c\u00e1c c\u00f4ng tr\u00ecnh l\u1edbn, c\u00f3 th\u1ec3 ch\u01b0a ph\u00f9 h\u1ee3p v\u1edbi nh\u00e0 \u1edf nh\u1ecf, c\u1ea7n ki\u1ec3m tra th\u00eam)<\/em><\/p>\n<p style=\"text-align: justify;\">5. C\u00f4ng ty c\u1ed5 ph\u1ea7n b\u00ea t\u00f4ng nh\u1eb9 Vi\u1ec7t Nam &#8211; Vitekcon<\/p>\n<ul style=\"text-align: justify;\">\n<li>V\u0103n ph\u00f2ng: 63 ph\u1ed1 V\u0169 Th\u1ea1nh, \u0110\u1ed1ng \u0110a, H\u00e0 N\u1ed9i<\/li>\n<li>\u0110T: 04 3512 2682 | Fax: 04 3512 2681<\/li>\n<li>Email: <a href=\"mailto:info@vitekcon.vn\">info@vitekcon.vn<\/a> | Website: <a href=\"http:\/\/www.vitekcon.vn\/\">www.vitekcon.vn<\/a><\/li>\n<li>Nh\u00e0 m\u00e1y: TT Mi\u1ebfu M\u00f4n, M\u1ef9 \u0110\u1ee9c, H\u00e0 N\u1ed9i | \u0110T: 04 3371 4390 | Fax: 04 3371 4381<\/li>\n<li>S\u1ea3n ph\u1ea9m:<\/li>\n<\/ul>\n<p style=\"text-align: justify;\">B\u00ea t\u00f4ng nh\u1eb9 D800, D900: <a href=\"http:\/\/vitekcon.vn\/?page_id=12\"><img loading=\"lazy\" decoding=\"async\" title=\"d800 vitekcon\" src=\"http:\/\/vitekcon.vn\/wp-content\/uploads\/2009\/10\/sanpham.JPG\" alt=\"\" width=\"178\" height=\"171\" \/><\/a>\u00a0<\/p>\n<div style=\"text-align: justify;\">\u00a0<\/div>\n<div style=\"text-align: justify;\"><strong>Mi\u1ec1n Nam:<\/strong><\/div>\n<ol style=\"text-align: justify;\">\n<li>C\u00f4ng Ty TNHH DV \u2013 TM \u2013 XNK Vi\u1ec7t H\u00e0 Ph\u00e1p (Vihapha)<\/li>\n<\/ol>\n<ul style=\"text-align: justify;\">\n<li>TR\u1ee4 S\u1ede: 10\/20 Nguy\u1ec5n \u0110\u00ecnh Chi\u1ec3u, P.\u0110akao, Q.1 TP HCM<\/li>\n<li>\u0110T: 08.39100 552 \u00a0 Fax: 08.730 20211<\/li>\n<li>Hotline: 0987.939 682<\/li>\n<li>Email: vihapha@gmail.com<\/li>\n<li><script type=\"text\/javascript\"><\/script>S\u1ea3n ph\u1ea9m: g\u1ea1ch kh\u00f4ng nung si\u00eau nh\u1eb9 l\u00e0m t\u1eeb: c\u00e1t, n\u01b0\u1edbc, xi m\u0103ng, ch\u1ea5t t\u1ea1o b\u1ecdt &amp; ph\u1ee5 gia<\/li>\n<\/ul>\n<div style=\"text-align: justify;\"><img loading=\"lazy\" decoding=\"async\" title=\"gach sieu nhe vihapha\" src=\"http:\/\/vihapha.com\/home\/images\/stories\/gach%20noi.jpg\" alt=\"\" width=\"195\" height=\"153\" \/>\u00a0<img loading=\"lazy\" decoding=\"async\" title=\"gach sieu nhe vihapha 2\" src=\"http:\/\/vihapha.com\/home\/images\/stories\/vien%20gach.gif\" alt=\"\" width=\"163\" height=\"146\" \/>\u00a0<\/div>\n<div style=\"text-align: justify;\">\u00a0<\/div>\n<p style=\"text-align: justify;\">2. C\u00d4NG TY C\u1ed4 PH\u1ea6N G\u1ea0CH KH\u1ed0I T\u00c2N K\u1ef6 NGUY\u00caN<\/p>\n<ul style=\"text-align: justify;\">\n<li>60 \u0110\u1eb7ng Dung, P.T\u00e2n \u0110\u1ecbnh, Q.1, TP.HCM, Vi\u1ec7t Nam.<\/li>\n<li>\u0110i\u1ec7n tho\u1ea1i: (84-8) 3526 7177;\u00a0(84-8) 3526 7177<\/li>\n<li>Fax : (84-8) 3526 7178<\/li>\n<li>Nh\u00e0 m\u00e1y:\u00a0C\u00d4NG TY C\u1ed4 PH\u1ea6N G\u1ea0CH KH\u1ed0I T\u00c2N K\u1ef6 NGUY\u00caN- CHI NH\u00c1NH LONG AN<\/li>\n<li>C\u1ee5m C\u00f4ng nghi\u1ec7p Th\u1ecbnh Ph\u00e1t, \u1ea4p 3, X\u00e3 L\u01b0\u01a1ng B\u00ecnh, Huy\u1ec7n B\u1ebfn L\u1ee9c, T\u1ec9nh Long An<\/li>\n<li>\u0110i\u1ec7n tho\u1ea1i: 072 3640015;\u00a0072 3640015\u00a0<\/li>\n<li>Fax: 072 3640016<\/li>\n<\/ul>\n<div style=\"text-align: justify;\">S\u1ea3n ph\u1ea9m: G\u1ea1ch E-block c\u00f4ng ngh\u1ec7 b\u00ea t\u00f4ng kh\u00ed ch\u01b0ng \u00e1p:<\/div>\n<div style=\"text-align: justify;\"><img loading=\"lazy\" decoding=\"async\" title=\"e block 1\" src=\"http:\/\/www.e-block.com.vn\/attachment\/image\/sieu%20nhe(1).jpg\" alt=\"\" width=\"212\" height=\"145\" \/>\u00a0 <img loading=\"lazy\" decoding=\"async\" title=\"e block 2\" src=\"http:\/\/www.e-block.com.vn\/attachment\/image\/thi%20cong%20nhanh(1).jpg\" alt=\"\" width=\"187\" height=\"143\" \/><\/div>\n<p style=\"text-align: justify;\"><strong>Mi\u1ec1n Trung:<\/strong><\/p>\n<p style=\"text-align: justify;\">Quay\u00a0v\u1ec1 <a href=\"http:\/\/4u.ezc.vn\/?page_id=190\">trang ch\u00ednh<\/a><!--  document.write( '' ); \/\/ --><!--  document.write( '<\/' );  document.write( 'span>' ); \/\/ --><\/p>\n<!-- AddThis Advanced Settings generic via filter on the_content --><!-- AddThis Share Buttons generic via filter on the_content -->","protected":false},"excerpt":{"rendered":"<p>G\u1ea1ch l\u00e0 v\u1eadt li\u1ec7u chi\u1ebfm t\u1ef7 tr\u1ecdng r\u1ea5t l\u1edbn trong vi\u1ec7c x\u00e2y nh\u00e0. L\u1ef1a ch\u1ecdn g\u1ea1ch x\u00e2y, g\u1ea1ch l\u00e1t c\u00f3 \u1ea3nh h\u01b0\u1edfng kh\u00e1 l\u1edbn \u0111\u1ebfn gi\u00e1 th\u00e0nh v\u00e0 ch\u1ea5t l\u01b0\u1ee3ng ng\u00f4i nh\u00e0 v\u00e0 c\u1ea3 \u1ea3nh h\u01b0\u1edfng \u0111\u1ebfn m\u00f4i tr\u01b0\u1eddng n\u1eefa. &hellip;<\/p>\n<p class=\"read-more\"> <a class=\"more-link\" href=\"http:\/\/4u.ezc.vn\/?page_id=199\"> <span class=\"screen-reader-text\">G\u1ea1ch x\u00e2y v\u00e0 g\u1ea1ch l\u00e1t<\/span> Read More &raquo;<\/a><\/p>\n<p><!-- AddThis Advanced Settings generic via filter on get_the_excerpt --><!-- AddThis Share Buttons generic via filter on get_the_excerpt --><\/p>\n","protected":false},"author":1,"featured_media":517,"parent":190,"menu_order":1,"comment_status":"open","ping_status":"open","template":"","meta":{"jetpack_post_was_ever_published":false,"footnotes":""},"jetpack_shortlink":"https:\/\/wp.me\/PYUs3-3d","jetpack_sharing_enabled":true,"_links":{"self":[{"href":"http:\/\/4u.ezc.vn\/index.php?rest_route=\/wp\/v2\/pages\/199"}],"collection":[{"href":"http:\/\/4u.ezc.vn\/index.php?rest_route=\/wp\/v2\/pages"}],"about":[{"href":"http:\/\/4u.ezc.vn\/index.php?rest_route=\/wp\/v2\/types\/page"}],"author":[{"embeddable":true,"href":"http:\/\/4u.ezc.vn\/index.php?rest_route=\/wp\/v2\/users\/1"}],"replies":[{"embeddable":true,"href":"http:\/\/4u.ezc.vn\/index.php?rest_route=%2Fwp%2Fv2%2Fcomments&post=199"}],"version-history":[{"count":9,"href":"http:\/\/4u.ezc.vn\/index.php?rest_route=\/wp\/v2\/pages\/199\/revisions"}],"predecessor-version":[{"id":538,"href":"http:\/\/4u.ezc.vn\/index.php?rest_route=\/wp\/v2\/pages\/199\/revisions\/538"}],"up":[{"embeddable":true,"href":"http:\/\/4u.ezc.vn\/index.php?rest_route=\/wp\/v2\/pages\/190"}],"wp:featuredmedia":[{"embeddable":true,"href":"http:\/\/4u.ezc.vn\/index.php?rest_route=\/wp\/v2\/media\/517"}],"wp:attachment":[{"href":"http:\/\/4u.ezc.vn\/index.php?rest_route=%2Fwp%2Fv2%2Fmedia&parent=199"}],"curies":[{"name":"wp","href":"https:\/\/api.w.org\/{rel}","templated":true}]}}