{"id":142,"date":"2010-06-12T19:11:30","date_gmt":"2010-06-12T12:11:30","guid":{"rendered":"http:\/\/4u.ezc.vn\/?page_id=142"},"modified":"2010-06-20T01:12:21","modified_gmt":"2010-06-19T18:12:21","slug":"gi%e1%bb%9bi-thi%e1%bb%87u","status":"publish","type":"page","link":"http:\/\/4u.ezc.vn\/?page_id=142","title":{"rendered":"Gi\u1edbi thi\u1ec7u"},"content":{"rendered":"<p style=\"text-align: justify;\">&#8216;S\u1ed5 tay thi\u1ebft k\u1ebf &#8211; x\u00e2y nh\u00e0 mi\u1ec5n ph\u00ed&#8217; l\u00e0 s\u1ea3n ph\u1ea9m do <a href=\"http:\/\/ezc.vn\/\">EZConsulting Vietnam LLC <\/a>ph\u00e1t tri\u1ec3n v\u1edbi m\u1ee5c \u0111\u00edch gi\u00fap nh\u1eefng ng\u01b0\u1eddi d\u00e2n s\u1ed1ng \u1edf c\u00e1c th\u1ecb tr\u1ea5n, th\u1ecb t\u1ee9 \u0111ang c\u00f3 \u00fd \u0111\u1ecbnh x\u00e2y nh\u00e0 c\u00f3 \u0111\u01b0\u1ee3c nh\u1eefng kh\u00e1i ni\u1ec7m c\u01a1 b\u1ea3n, c\u1ea7n c\u00f3 tr\u01b0\u1edbc khi quy\u1ebft \u0111\u1ecbnh x\u00e2y d\u1ef1ng.<\/p>\n<p style=\"text-align: justify;\">Cu\u1ed1n s\u1ed5 tay kh\u00f4ng c\u00f3 tham v\u1ecdng \u0111\u1ec1 c\u1eadp h\u1ebft c\u00e1c v\u1ea5n \u0111\u1ec1 trong\u00a0to\u00e0n b\u1ed9\u00a0chu tr\u00ecnh x\u00e2y nh\u00e0 b\u1edfi c\u00e1c h\u1ea1n ch\u1ebf v\u1ec1 chuy\u00ean m\u00f4n c\u0169ng nh\u01b0 ngu\u1ed3n l\u1ef1c, m\u00e0 ch\u1ec9 t\u1eadp trung khai th\u00e1c c\u00e1c th\u1ebf m\u1ea1nh, kinh nghi\u1ec7m c\u1ee7a m\u00ecnh\u00a0\u0111\u1ec3 t\u1eadp trung v\u00e0o c\u00e1c v\u1ea5n\u00a0\u0111\u1ec1:<\/p>\n<ul style=\"text-align: justify;\">\n<li>N\u00eau l\u00ean t\u1ea7m quan tr\u1ecdng c\u1ee7a vi\u1ec7c x\u00e1c\u00a0\u0111\u1ecbnh quy m\u00f4 d\u1ef1a tr\u00ean nhu c\u1ea7u v\u00e0 kh\u1ea3 n\u0103ng kinh t\u1ebf v\u1edbi c\u00e1c c\u00e1ch t\u00ednh\u00a0\u0111\u01a1n gi\u1ea3n;<\/li>\n<li>N\u00eau l\u00ean c\u00e1c nguy\u00ean t\u1eafc, y\u00eau c\u1ea7u chung v\u1ec1 thi\u1ebft k\u1ebf ng\u00f4i nh\u00e0, c\u00e1c c\u1ea5u ki\u1ec7n trong ng\u00f4i nh\u00e0 nh\u1eb1m\u00a0\u0111\u1ebfn\u00a0\u0111\u00edch thi\u1ebft k\u1ebf, x\u00e2y d\u1ef1ng m\u1ed9t c\u00f4ng tr\u00ecnh h\u00e0i h\u00f2a,\u00a0\u0111\u1ed3ng b\u1ed9 v\u00e0 h\u1ee3p t\u00fai ti\u1ec1n. Minh h\u1ecda b\u1eb1ng m\u1ed9t s\u1ed1 m\u1eabu thi\u1ebft k\u1ebf\u00a0\u0111i\u1ec3n h\u00ecnh c\u00f3 th\u1ec3\u00a0\u00e1p d\u1ee5ng\u00a0\u0111\u1ea1i tr\u00e0 v\u1edbi c\u00e1c\u00a0\u0111i\u1ec1u ch\u1ec9nh nh\u1ecf;<\/li>\n<li>Gi\u1edbi thi\u1ec7u, c\u1ed5 v\u0169 v\u00e0 ph\u00e2n t\u00edch c\u00e1c l\u1ee3i\u00a0\u00edch c\u1ee7a vi\u1ec7c x\u00e2y d\u1ef1ng m\u1ed9t ng\u00f4i nh\u00e0 th\u00e2n thi\u1ec7n v\u1edbi m\u00f4i tr\u01b0\u1eddng m\u00e0 v\u1eabn\u00a0\u0111\u1ea3m b\u1ea3o l\u1ee3i\u00a0\u00edch s\u00e1t s\u01b0\u1eddn c\u1ee7a\u00a0ch\u1ee7 nh\u00e0 v\u00e0 cho c\u1ea3 x\u00e3 h\u1ed9i.<\/li>\n<\/ul>\n<p style=\"text-align: justify;\">Cu\u1ed1n s\u1ed5 tay\u00a0\u0111\u01b0\u1ee3c x\u00e2y d\u1ef1ng d\u1ef1a tr\u00ean kinh nghi\u1ec7m c\u1ee7a c\u00f4ng ty c\u0169ng nh\u01b0 t\u1ed5ng h\u1ee3p t\u1eeb c\u00e1c ngu\u1ed3n ki\u1ebfn th\u1ee9c\u00a0\u0111\u01b0\u1ee3c chia s\u1ebb c\u00f4ng khai, th\u01b0\u1eddng xuy\u00ean\u00a0tr\u00ean m\u1ea1ng internet. C\u00f4ng ty s\u1ebd c\u1ed1 g\u1eafng \u0111\u1ec3 c\u1eadp nh\u1eadt cu\u1ed1n s\u1ed5 tay, \u0111\u1ec3 n\u00f3 lu\u00f4n ph\u1ea3n \u00e1nh k\u1ecbp nh\u1eefng thay \u0111\u1ed5i, ti\u1ebfn b\u1ed9 c\u1ee7a ng\u00e0nh x\u00e2y d\u1ef1ng, thi\u1ebft k\u1ebf.<\/p>\n<!-- AddThis Advanced Settings generic via filter on the_content --><!-- AddThis Share Buttons generic via filter on the_content -->","protected":false},"excerpt":{"rendered":"<p>&#8216;S\u1ed5 tay thi\u1ebft k\u1ebf &#8211; x\u00e2y nh\u00e0 mi\u1ec5n ph\u00ed&#8217; l\u00e0 s\u1ea3n ph\u1ea9m do EZConsulting Vietnam LLC ph\u00e1t tri\u1ec3n v\u1edbi m\u1ee5c \u0111\u00edch gi\u00fap nh\u1eefng ng\u01b0\u1eddi d\u00e2n s\u1ed1ng \u1edf c\u00e1c th\u1ecb tr\u1ea5n, th\u1ecb t\u1ee9 \u0111ang c\u00f3 \u00fd \u0111\u1ecbnh x\u00e2y nh\u00e0 c\u00f3 \u0111\u01b0\u1ee3c &hellip;<\/p>\n<p class=\"read-more\"> <a class=\"more-link\" href=\"http:\/\/4u.ezc.vn\/?page_id=142\"> <span class=\"screen-reader-text\">Gi\u1edbi thi\u1ec7u<\/span> Read More &raquo;<\/a><\/p>\n<p><!-- AddThis Advanced Settings generic via filter on get_the_excerpt --><!-- AddThis Share Buttons generic via filter on get_the_excerpt --><\/p>\n","protected":false},"author":1,"featured_media":0,"parent":0,"menu_order":2,"comment_status":"closed","ping_status":"closed","template":"","meta":{"jetpack_post_was_ever_published":false,"footnotes":""},"jetpack_shortlink":"https:\/\/wp.me\/PYUs3-2i","jetpack_sharing_enabled":true,"_links":{"self":[{"href":"http:\/\/4u.ezc.vn\/index.php?rest_route=\/wp\/v2\/pages\/142"}],"collection":[{"href":"http:\/\/4u.ezc.vn\/index.php?rest_route=\/wp\/v2\/pages"}],"about":[{"href":"http:\/\/4u.ezc.vn\/index.php?rest_route=\/wp\/v2\/types\/page"}],"author":[{"embeddable":true,"href":"http:\/\/4u.ezc.vn\/index.php?rest_route=\/wp\/v2\/users\/1"}],"replies":[{"embeddable":true,"href":"http:\/\/4u.ezc.vn\/index.php?rest_route=%2Fwp%2Fv2%2Fcomments&post=142"}],"version-history":[{"count":8,"href":"http:\/\/4u.ezc.vn\/index.php?rest_route=\/wp\/v2\/pages\/142\/revisions"}],"predecessor-version":[{"id":406,"href":"http:\/\/4u.ezc.vn\/index.php?rest_route=\/wp\/v2\/pages\/142\/revisions\/406"}],"wp:attachment":[{"href":"http:\/\/4u.ezc.vn\/index.php?rest_route=%2Fwp%2Fv2%2Fmedia&parent=142"}],"curies":[{"name":"wp","href":"https:\/\/api.w.org\/{rel}","templated":true}]}}